 257, 307
List the prime factors of 143459.
41, 3499
What are the prime factors of 494280?
2, 3, 5, 1373
What are the prime factors of 2927?
2927
List the prime factors of 11429979.
3, 11, 31, 11173
What are the prime factors of 176913?
3, 11, 1787
List the prime factors of 1169983.
197, 5939
What are the prime factors of 3400438?
2, 1700219
List the prime factors of 549821.
59, 9319
What are the prime factors of 9493139?
73, 130043
List the prime factors of 11299304.
2, 1412413
List the prime factors of 2323134.
2, 3, 11, 3911
List the prime factors of 2074739.
2074739
What are the prime factors of 3402091?
7, 11, 17, 23, 113
List the prime factors of 20336438.
2, 97, 104827
List the prime factors of 73675.
5, 7, 421
List the prime factors of 495699.
3, 165233
List the prime factors of 1026728.
2, 128341
What are the prime factors of 4076306?
2, 13, 156781
What are the prime factors of 1535245?
5, 41, 7489
List the prime factors of 116636.
2, 13, 2243
What are the prime factors of 261965?
5, 11, 433
What are the prime factors of 2863188?
2, 3, 8837
List the prime factors of 259331.
19, 13649
What are the prime factors of 63114?
2, 3, 67, 157
List the prime factors of 1257429.
3, 41, 10223
What are the prime factors of 273338?
2, 13, 10513
List the prime factors of 3875466.
2, 3, 7, 53, 1741
What are the prime factors of 11753944?
2, 67, 21929
List the prime factors of 2306647.
7, 23, 14327
What are the prime factors of 5124071?
227, 22573
List the prime factors of 230002.
2, 115001
What are the prime factors of 97184?
2, 3037
What are the prime factors of 315183?
3, 11, 9551
What are the prime factors of 2326958?
2, 1163479
What are the prime factors of 87468?
2, 3, 37, 197
What are the prime factors of 1373264?
2, 85829
List the prime factors of 2176453.
233, 9341
List the prime factors of 14362371.
3, 1595819
What are the prime factors of 7597536?
2, 3, 29, 2729
What are the prime factors of 1217118?
2, 3, 7, 28979
List the prime factors of 363909.
3, 7, 13, 31, 43
What are the prime factors of 1178634?
2, 3, 196439
What are the prime factors of 13901640?
2, 3, 5, 31, 37, 101
What are the prime factors of 498218?
2, 7, 19, 1873
What are the prime factors of 288782?
2, 13, 29, 383
List the prime factors of 5008276.
2, 7, 13, 13759
What are the prime factors of 20488495?
5, 4097699
What are the prime factors of 1543605?
3, 5, 7, 61, 241
List the prime factors of 1647981.
3, 71, 2579
What are the prime factors of 1854718?
2, 83, 11173
List the prime factors of 13845642.
2, 3, 19, 121453
List the prime factors of 353144.
2, 11, 4013
List the prime factors of 2071456.
2, 19, 3407
What are the prime factors of 114375?
3, 5, 61
List the prime factors of 5788520.
2, 5, 47, 3079
List the prime factors of 17252219.
71, 242989
List the prime factors of 1682820.
2, 3, 5, 9349
What are the prime factors of 510921?
3, 127, 149
What are the prime factors of 241542?
2, 3, 7, 71
What are the prime factors of 1249351?
557, 2243
List the prime factors of 277554.
2, 3, 167, 277
What are the prime factors of 2432483?
2432483
List the prime factors of 24124177.
7, 11, 313301
What are the prime factors of 257502?
2, 3, 7, 6131
List the prime factors of 509210.
2, 5, 13, 3917
List the prime factors of 26359.
43, 613
What are the prime factors of 1687621?
13, 43, 3019
List the prime factors of 148864.
2, 1163
List the prime factors of 500634.
2, 3, 73, 127
What are the prime factors of 6041103?
3, 17, 118453
List the prime factors of 845275.
5, 33811
List the prime factors of 145481.
7, 2969
What are the prime factors of 201334?
2, 7, 73, 197
List the prime factors of 2379438.
2, 3, 67, 1973
List the prime factors of 369628.
2, 7, 43, 307
What are the prime factors of 11836310?
2, 5, 109, 10859
List the prime factors of 2142344.
2, 281, 953
What are the prime factors of 113580?
2, 3, 5, 631
List the prime factors of 14948673.
3, 601, 8291
List the prime factors of 164675.
5, 7, 941
What are the prime factors of 18345287?
1783, 10289
List the prime factors of 658152.
2, 3, 11, 277
List the prime factors of 225740.
2, 5, 11287
What are the prime factors of 465418?
2, 232709
List the prime factors of 11235396.
2, 3, 936283
What are the prime factors of 3047566?
2, 1523783
What are the prime factors of 340617?
3, 113539
What are the prime factors of 177789?
3, 59263
What are the prime factors of 7598873?
7598873
List the prime factors of 5460378.
2, 3, 7, 11, 53, 223
List the prime factors of 422071.
13, 32467
List the prime factors of 9593381.
7, 1370483
List the prime factors of 24647119.
7, 1223, 2879
What are the prime factors of 220867?
41, 5387
What are the prime factors of 199825?
5, 7993
What are the prime factors of 5886751?
13, 19, 23833
List the prime factors of 1280670.
2, 3, 5, 42689
List the prime factors of 37794.
2, 3, 6299
What are the prime factors of 274590?
2, 3, 5, 113
List the prime factors of 685423.
17, 23, 1753
What are the prime factors of 2942028?
2, 3, 27241
List the prime factors of 3156921.
3, 116923
What are the prime factors of 12699267?
3, 7, 604727
List the prime factors of 1154741.
7, 164963
What are the prime factors of 6094622?
2, 3047311
List the prime factors of 226646.
2, 7, 16189
What are the prime factors of 3672170?
2, 5, 17, 21601
What are the prime factors of 481357?
139, 3463
What are the prime factors of 741124?
2, 29, 6389
What are the prime factors of 104458?
2, 29, 1801
List the prime factors of 16082084.
2, 47, 131, 653
List the prime factors of 110452.
2, 53, 521
What are the prime factors of 206473?
19, 10867
What are the prime factors of 25963?
7, 3709
What are the prime factors of 196557?
3, 65519
List the prime factors of 84775.
5, 3391
What are the prime factors of 13556840?
2, 5, 11, 2801
List the prime factors of 97558.
2, 48779
List the prime factors of 206584.
2, 7, 17, 31
What are the prime factors of 3031113?
3, 43, 23497
What are the prime factors of 16224?
2, 3, 13
List the prime factors of 245312.
2, 3833
What are the prime factors of 20635814?
2, 10317907
What are the prime factors of 241586?
2, 199, 607
List the prime factors of 380305.
5, 23, 3307
What are the prime factors of 3899527?
3899527
What are the prime factors of 756914?
2, 263, 1439
What are the prime factors of 111782?
2, 11, 5081
List the prime factors of 3050044.
2, 53, 14387
List the prime factors of 201218.
2, 100609
List the prime factors of 906809.
906809
List the prime factors of 9211200.
2, 3, 5, 19, 101
List the prime factors of 8492.
2, 11, 193
List the prime factors of 29004347.
509, 56983
What are the prime factors of 206027?
206027
What are the prime factors of 1053257?
1053257
List the prime factors of 405585.
3, 5, 9013
List the prime factors of 65957.
65957
What are the prime factors of 2378764?
2, 47, 12653
What are the prime factors of 166081?
166081
List the prime factors of 3071628.
2, 3, 7, 17, 239
List the prime factors of 1317605.
5, 263521
What are the prime factors of 982451?
761, 1291
What are the prime factors of 1356675?
3, 5, 18089
What are the prime factors of 3890295?
3, 5, 28817
List the prime factors of 60564.
2, 3, 7, 103
What are the prime factors of 7533272?
2, 19, 29, 1709
List the prime factors of 6373786.
2, 31, 223, 461
What are the prime factors of 16132361?
7, 23, 97, 1033
List the prime factors of 1341354.
2, 3, 7, 109, 293
What are the prime factors of 59744?
2, 1867
What are the prime factors of 1446393?
3, 13, 37087
List the prime factors of 7518205.
5, 19, 79139
What are the prime factors of 196653?
3, 65551
List the prime factors of 342239.
342239
What are the prime factors of 27339877?
27339877
List the prime factors of 11135010.
2, 3, 5, 239, 1553
What are the prime factors of 145674?
2, 3, 8093
What are the prime factors of 11686532?
2, 11, 13, 20431
List the prime factors of 9171847.
163, 56269
What are the prime factors of 387270?
2, 3, 5, 13, 331
What are the prime factors of 582098?
2, 11, 26459
What are the prime factors of 912928?
2, 47, 607
List the prime factors of 1100059.
223, 4933
What are the prime factors of 3422238?
2, 3, 570373
What are the prime factors of 92842?
2, 61, 761
What are the prime factors of 2794583?
11, 254053
List the prime factors of 182180.
2, 5, 9109
W